{"id":67,"date":"2011-10-25T21:40:33","date_gmt":"2011-10-25T21:40:33","guid":{"rendered":"http:\/\/localhost:8888\/wordpress\/?page_id=67"},"modified":"2017-07-25T15:49:11","modified_gmt":"2017-07-25T15:49:11","slug":"deja-realise","status":"publish","type":"page","link":"https:\/\/www.cultivons-la-sante.ch\/?page_id=67","title":{"rendered":"D\u00e9j\u00e0 r\u00e9alis\u00e9"},"content":{"rendered":"<p>Gr\u00e2ce \u00e0 des dons, au b\u00e9n\u00e9volat et \u00e0 la participation de la population, nous avons d\u00e9j\u00e0\u00a0 mis sur pied des projets qui suivent leur cours.<\/p>\n<p>L&rsquo;association travaille sur le long terme et suit les projets r\u00e9alis\u00e9s pour encadrer au mieux la population et lui permettre d&rsquo;avoir les connaissances \u00e0 son autonomie dans la gestion de sa sant\u00e9.<\/p>\n<p>&nbsp;<\/p>\n","protected":false},"excerpt":{"rendered":"<p>Gr\u00e2ce \u00e0 des dons, au b\u00e9n\u00e9volat et \u00e0 la participation de la population, nous avons d\u00e9j\u00e0\u00a0 mis sur pied des projets qui suivent leur cours. L&rsquo;association travaille sur le long terme et suit les projets r\u00e9alis\u00e9s pour encadrer au mieux &hellip; <a href=\"https:\/\/www.cultivons-la-sante.ch\/?page_id=67\">Lire la suite <span class=\"meta-nav\">&rarr;<\/span><\/a><\/p>\n","protected":false},"author":1,"featured_media":0,"parent":25,"menu_order":1,"comment_status":"open","ping_status":"open","template":"","meta":[],"_links":{"self":[{"href":"https:\/\/www.cultivons-la-sante.ch\/index.php?rest_route=\/wp\/v2\/pages\/67"}],"collection":[{"href":"https:\/\/www.cultivons-la-sante.ch\/index.php?rest_route=\/wp\/v2\/pages"}],"about":[{"href":"https:\/\/www.cultivons-la-sante.ch\/index.php?rest_route=\/wp\/v2\/types\/page"}],"author":[{"embeddable":true,"href":"https:\/\/www.cultivons-la-sante.ch\/index.php?rest_route=\/wp\/v2\/users\/1"}],"replies":[{"embeddable":true,"href":"https:\/\/www.cultivons-la-sante.ch\/index.php?rest_route=%2Fwp%2Fv2%2Fcomments&post=67"}],"version-history":[{"count":3,"href":"https:\/\/www.cultivons-la-sante.ch\/index.php?rest_route=\/wp\/v2\/pages\/67\/revisions"}],"predecessor-version":[{"id":296,"href":"https:\/\/www.cultivons-la-sante.ch\/index.php?rest_route=\/wp\/v2\/pages\/67\/revisions\/296"}],"up":[{"embeddable":true,"href":"https:\/\/www.cultivons-la-sante.ch\/index.php?rest_route=\/wp\/v2\/pages\/25"}],"wp:attachment":[{"href":"https:\/\/www.cultivons-la-sante.ch\/index.php?rest_route=%2Fwp%2Fv2%2Fmedia&parent=67"}],"curies":[{"name":"wp","href":"https:\/\/api.w.org\/{rel}","templated":true}]}}