{"id":25,"date":"2011-10-25T21:10:40","date_gmt":"2011-10-25T21:10:40","guid":{"rendered":"http:\/\/localhost:8888\/wordpress\/?page_id=25"},"modified":"2011-10-25T21:10:40","modified_gmt":"2011-10-25T21:10:40","slug":"projets","status":"publish","type":"page","link":"https:\/\/www.cultivons-la-sante.ch\/?page_id=25","title":{"rendered":"Projets"},"content":{"rendered":"<p>Nous avons d\u00e9j\u00e0 r\u00e9alis\u00e9 quelques projets, dont <a title=\"Formation d\u2019animateurs communautaires\" href=\"http:\/\/localhost:8888\/wordpress\/?page_id=71\">la formation des animateurs<\/a>, avec les premiers dons qui nous ont \u00e9t\u00e9 vers\u00e9s. Ainsi en cultivant les connaissances et les comp\u00e9tences de chacun, nous arriverons \u00e0 am\u00e9liorer le quotidien de quelques Burundais.<\/p>\n<p>Certains autres projets sont en cours, c&rsquo;est pour cette raison que nous sommes toujours \u00e0 la recherche de dons pour avec les moyens d&rsquo;avancer.<\/p>\n<p>Projet en cours: <a title=\"Culture de l\u00e9gumes\" href=\"http:\/\/localhost:8888\/wordpress\/?page_id=69\">culture de l\u00e9gumes<\/a><\/p>\n","protected":false},"excerpt":{"rendered":"<p>Nous avons d\u00e9j\u00e0 r\u00e9alis\u00e9 quelques projets, dont la formation des animateurs, avec les premiers dons qui nous ont \u00e9t\u00e9 vers\u00e9s. Ainsi en cultivant les connaissances et les comp\u00e9tences de chacun, nous arriverons \u00e0 am\u00e9liorer le quotidien de quelques Burundais. Certains &hellip; <a href=\"https:\/\/www.cultivons-la-sante.ch\/?page_id=25\">Lire la suite <span class=\"meta-nav\">&rarr;<\/span><\/a><\/p>\n","protected":false},"author":1,"featured_media":0,"parent":0,"menu_order":4,"comment_status":"open","ping_status":"open","template":"","meta":[],"_links":{"self":[{"href":"https:\/\/www.cultivons-la-sante.ch\/index.php?rest_route=\/wp\/v2\/pages\/25"}],"collection":[{"href":"https:\/\/www.cultivons-la-sante.ch\/index.php?rest_route=\/wp\/v2\/pages"}],"about":[{"href":"https:\/\/www.cultivons-la-sante.ch\/index.php?rest_route=\/wp\/v2\/types\/page"}],"author":[{"embeddable":true,"href":"https:\/\/www.cultivons-la-sante.ch\/index.php?rest_route=\/wp\/v2\/users\/1"}],"replies":[{"embeddable":true,"href":"https:\/\/www.cultivons-la-sante.ch\/index.php?rest_route=%2Fwp%2Fv2%2Fcomments&post=25"}],"version-history":[{"count":1,"href":"https:\/\/www.cultivons-la-sante.ch\/index.php?rest_route=\/wp\/v2\/pages\/25\/revisions"}],"predecessor-version":[{"id":391,"href":"https:\/\/www.cultivons-la-sante.ch\/index.php?rest_route=\/wp\/v2\/pages\/25\/revisions\/391"}],"wp:attachment":[{"href":"https:\/\/www.cultivons-la-sante.ch\/index.php?rest_route=%2Fwp%2Fv2%2Fmedia&parent=25"}],"curies":[{"name":"wp","href":"https:\/\/api.w.org\/{rel}","templated":true}]}}